{"id":622,"date":"2024-09-22T21:20:01","date_gmt":"2024-09-22T19:20:01","guid":{"rendered":"https:\/\/rodzablocie.eu\/?page_id=622"},"modified":"2025-10-07T20:59:46","modified_gmt":"2025-10-07T18:59:46","slug":"zarzad","status":"publish","type":"page","link":"https:\/\/rodzablocie.eu\/?page_id=622","title":{"rendered":"Zarz\u0105d"},"content":{"rendered":"\n<div class=\"wp-block-nk-awb nk-awb\"><div class=\"nk-awb-wrap\" data-awb-type=\"image\" data-awb-image-background-size=\"fill\" data-awb-image-background-position=\"80% 80%\"><div class=\"nk-awb-inner\" style=\"opacity: 0.27;\"><img loading=\"lazy\" decoding=\"async\" src=\"https:\/\/rodzablocie.eu\/wp-content\/uploads\/2024\/09\/sergey-shmidt-koy6FlCCy5s-unsplash-e1756029004971.jpg\" class=\"wp-image-699 jarallax-img\" width=\"640\" height=\"427\" ><\/div><\/div><div class=\"nk-awb-wrap-content is-layout-constrained wp-block-nk-awb-is-layout-constrained\">\n<p class=\"has-black-color has-text-color has-link-color has-large-font-size wp-elements-1fe4c29997527f18d6841414d7a4e802\" style=\"text-decoration:underline\"><strong>Cz\u0142onkowie Zarz\u0105du:<\/strong><\/p>\n\n\n\n<p class=\"has-black-color has-text-color has-link-color has-medium-font-size wp-elements-b1d748637bfce86d12005331ee981b0c\"><strong>Prezes: <\/strong>Agnieszka Ratajewska<br><strong>Wiceprezes: <\/strong>Halina Ku\u017ama<br><strong>Sekretarz: <\/strong>Janusz Piecyk<br><strong>Skarbnik: <\/strong>Iryna Szewczun<br><strong>Cz\u0142onek zarz\u0105du: <\/strong>Robert Karpi\u0144ski<br><strong>Cz\u0142onek zarz\u0105du: <\/strong>Ryszard Foltyn<br><strong>Cz\u0142onek zarz\u0105du:<\/strong> Eugeniusz B\u0105k<\/p>\n\n\n\n<p class=\"has-black-color has-text-color has-link-color has-large-font-size wp-elements-2a2c5d30d0f52b63d2bb192b0cc477cd\" style=\"text-decoration:underline\"><strong>Cz\u0142onkowie Komisji Rewizyjnej:<\/strong><\/p>\n\n\n\n<p class=\"has-black-color has-text-color has-link-color has-medium-font-size wp-elements-f7e21f157833476e719648d029affccf\"><strong>Przewodnicz\u0105cy: <\/strong>Tadeusz Jany <em>dz. 172<\/em><br><strong>Wiceprzewodnicz\u0105cy:<\/strong> Ryszard Berkowski <em>dz. 67<\/em><br><strong>Sekretarz:<\/strong> Teresa Kudyba <em>dz. 289<\/em><br><strong>Cz\u0142onek: <\/strong>W\u0142adys\u0142aw Giergiczny <em>dz. 232<\/em><\/p>\n<\/div><\/div>\n","protected":false},"excerpt":{"rendered":"","protected":false},"author":1,"featured_media":0,"parent":0,"menu_order":0,"comment_status":"closed","ping_status":"closed","template":"","meta":{"ngg_post_thumbnail":0,"footnotes":""},"class_list":["post-622","page","type-page","status-publish","hentry"],"_links":{"self":[{"href":"https:\/\/rodzablocie.eu\/index.php?rest_route=\/wp\/v2\/pages\/622","targetHints":{"allow":["GET"]}}],"collection":[{"href":"https:\/\/rodzablocie.eu\/index.php?rest_route=\/wp\/v2\/pages"}],"about":[{"href":"https:\/\/rodzablocie.eu\/index.php?rest_route=\/wp\/v2\/types\/page"}],"author":[{"embeddable":true,"href":"https:\/\/rodzablocie.eu\/index.php?rest_route=\/wp\/v2\/users\/1"}],"replies":[{"embeddable":true,"href":"https:\/\/rodzablocie.eu\/index.php?rest_route=%2Fwp%2Fv2%2Fcomments&post=622"}],"version-history":[{"count":31,"href":"https:\/\/rodzablocie.eu\/index.php?rest_route=\/wp\/v2\/pages\/622\/revisions"}],"predecessor-version":[{"id":1278,"href":"https:\/\/rodzablocie.eu\/index.php?rest_route=\/wp\/v2\/pages\/622\/revisions\/1278"}],"wp:attachment":[{"href":"https:\/\/rodzablocie.eu\/index.php?rest_route=%2Fwp%2Fv2%2Fmedia&parent=622"}],"curies":[{"name":"wp","href":"https:\/\/api.w.org\/{rel}","templated":true}]}}