{"id":131,"date":"2024-07-30T20:40:47","date_gmt":"2024-07-30T20:40:47","guid":{"rendered":"https:\/\/192.168.0.135\/?page_id=131"},"modified":"2024-09-23T11:15:39","modified_gmt":"2024-09-23T09:15:39","slug":"rod-zablocie","status":"publish","type":"page","link":"https:\/\/rodzablocie.eu\/","title":{"rendered":""},"content":{"rendered":"\n<p><\/p>\n\n\n\n<h1 class=\"wp-block-heading has-text-align-center\">Rodzinne Ogrody Dzia\u0142kowe Zab\u0142ocie Wroc\u0142aw<\/h1>\n\n\n\n<div class=\"wp-block-columns is-layout-flex wp-container-core-columns-is-layout-9d6595d7 wp-block-columns-is-layout-flex\">\n<div class=\"wp-block-column is-vertically-aligned-stretch is-layout-flow wp-block-column-is-layout-flow\"><div class=\"wp-block-image is-style-default\">\n<figure class=\"aligncenter size-full\"><img loading=\"lazy\" decoding=\"async\" width=\"2560\" height=\"1920\" src=\"https:\/\/rodzablocie.eu\/wp-content\/uploads\/2024\/09\/IMG_1763-scaled.jpg\" alt=\"\" class=\"wp-image-629\" srcset=\"https:\/\/rodzablocie.eu\/wp-content\/uploads\/2024\/09\/IMG_1763-scaled.jpg 2560w, https:\/\/rodzablocie.eu\/wp-content\/uploads\/2024\/09\/IMG_1763-300x225.jpg 300w, https:\/\/rodzablocie.eu\/wp-content\/uploads\/2024\/09\/IMG_1763-1024x768.jpg 1024w, https:\/\/rodzablocie.eu\/wp-content\/uploads\/2024\/09\/IMG_1763-768x576.jpg 768w, https:\/\/rodzablocie.eu\/wp-content\/uploads\/2024\/09\/IMG_1763-1536x1152.jpg 1536w, https:\/\/rodzablocie.eu\/wp-content\/uploads\/2024\/09\/IMG_1763-2048x1536.jpg 2048w\" sizes=\"auto, (max-width: 2560px) 100vw, 2560px\" \/><\/figure>\n<\/div><\/div>\n<\/div>\n","protected":false},"excerpt":{"rendered":"<p>Rodzinne Ogrody Dzia\u0142kowe Zab\u0142ocie Wroc\u0142aw<\/p>\n","protected":false},"author":1,"featured_media":0,"parent":0,"menu_order":0,"comment_status":"closed","ping_status":"closed","template":"","meta":{"ngg_post_thumbnail":0,"footnotes":""},"class_list":["post-131","page","type-page","status-publish","hentry"],"_links":{"self":[{"href":"https:\/\/rodzablocie.eu\/index.php?rest_route=\/wp\/v2\/pages\/131","targetHints":{"allow":["GET"]}}],"collection":[{"href":"https:\/\/rodzablocie.eu\/index.php?rest_route=\/wp\/v2\/pages"}],"about":[{"href":"https:\/\/rodzablocie.eu\/index.php?rest_route=\/wp\/v2\/types\/page"}],"author":[{"embeddable":true,"href":"https:\/\/rodzablocie.eu\/index.php?rest_route=\/wp\/v2\/users\/1"}],"replies":[{"embeddable":true,"href":"https:\/\/rodzablocie.eu\/index.php?rest_route=%2Fwp%2Fv2%2Fcomments&post=131"}],"version-history":[{"count":152,"href":"https:\/\/rodzablocie.eu\/index.php?rest_route=\/wp\/v2\/pages\/131\/revisions"}],"predecessor-version":[{"id":780,"href":"https:\/\/rodzablocie.eu\/index.php?rest_route=\/wp\/v2\/pages\/131\/revisions\/780"}],"wp:attachment":[{"href":"https:\/\/rodzablocie.eu\/index.php?rest_route=%2Fwp%2Fv2%2Fmedia&parent=131"}],"curies":[{"name":"wp","href":"https:\/\/api.w.org\/{rel}","templated":true}]}}